 z. Let t be ((-3)/6)/((-1)/12). Suppose -x - 3*s = -45, -3*s + t*s = -a*x + 135. What is the tens digit of x?
4
Let t(w) = 680*w + 4552. What is the units digit of t(79)?
2
What is the ten thousands digit of 10093218/301 - ((-1)/21)/((-1)/6)?
3
Suppose -709 + 103 = 4*p - 5*k, 0 = p + 4*k + 162. What is the units digit of (2 - p/(-21))*-162?
4
Suppose 4599 = -5*x + c + 21231, 5*x + c - 16628 = 0. What is the thousands digit of x?
3
Let c(t) = -9*t + 10. Suppose 27 = 3*v - 63. Let h = 28 - v. What is the tens digit of c(h)?
2
Let v(a) = -2481*a + 377. What is the ten thousands digit of v(-5)?
1
Suppose 0 = 2*s + y - 2*y - 2392, -3*y + 5991 = 5*s. Suppose -3*f = -s + 348. Suppose 2*t = -t - 5*w + f, -5*t - 5*w = -475. What is the tens digit of t?
9
Let g = -16 + 20. Suppose -o - 2*l + 1 = -g*o, 8 = -2*l. Let m(k) = 11*k**2 - 2*k + 1. What is the hundreds digit of m(o)?
1
Suppose -5*q = 15*q - 27*q. Suppose -21*z - 697 + 1747 = q. What is the tens digit of z?
5
Let p be (6/(-2))/((-3)/2). Suppose -5*k + k = 5*j - 960, 2*k + p*j - 478 = 0. Suppose -374 = -5*n + 3*b + k, -5*n - 4*b = -588. What is the units digit of n?
0
Suppose 58936 = 11*f + 5916. What is the tens digit of f?
2
Suppose 0 = -4*m + 5*d - 65 - 78, 4*m - 4*d = -144. Let j = m + 40. Let a(b) = 7*b**2 - 9*b + 6. What is the tens digit of a(j)?
4
Let q = 120 + -115. Suppose 0 = -q*m - m + 1992. What is the hundreds digit of m?
3
Let v(c) = -c**3 - 13*c**2 - 153*c - 9. What is the hundreds digit of v(-7)?
7
Let m(u) = 9*u**3 - 12*u**2 + 12*u + 28. Let b(o) = -2*o**3 - o + 1. Let k(z) = -4*b(z) - m(z). Let c be k(11). What is the tens digit of c/(-2) - (-279)/18?
1
Let n = -28442 - -116995. What is the tens digit of n?
5
Let n(q) = -q - 1. Let b(h) = 5*h**2 + 74*h - 26. Let f(r) = b(r) - 3*n(r). What is the tens digit of f(-20)?
3
Suppose -27497 = -13*q + 5016. Suppose -q = -3*u - 4*w, 6*u + 4165 = 11*u + 5*w. What is the units digit of u?
1
Suppose 0 = -s + 3*v + 1463, 4*s + 9*v = 4*v + 5767. Let i = s - 815. What is the units digit of i?
3
Suppose -4*x + 13708 = 5*l, l = -39*x + 42*x + 2753. What is the tens digit of l?
4
Let w(i) = -132*i + 6257. What is the units digit of w(-149)?
5
Let g(x) = -11*x**3 - 2*x - 4. Let b be g(-2). Suppose 0 = -2*m + 24*m - b. What is the units digit of m - (-261 + -4) - -5?
4
Let f(r) = -42*r + 170. Let w be f(4). What is the tens digit of w/20 + (-8169)/(-10)?
1
Suppose 4*y = 2*y - 174. Let r = 300 - 116. Let t = r + y. What is the tens digit of t?
9
Let s = -222 + 30242. Let f be (0 - 6/(-5))/(114/s). Suppose 18*n = 854 + f. What is the units digit of n?
5
Let l(o) = 7*o**2 + 50*o + 1. Let d(f) = 4*f**2 + 25*f. Let a = -93 - -100. Let m(y) = a*d(y) - 3*l(y). What is the tens digit of m(-6)?
9
Suppose 3 = -3*v + 57. What is the units digit of 12890/v + (-3)/27?
6
What is the thousands digit of -29*(-19)/(76/1616)?
1
Let l(v) = -1 - 7*v + 3*v - 2*v**2 + 5*v. Let u be l(1). What is the units digit of -1*(u + 5) - -2 - -56?
5
Suppose 42*g + 732890 = 125*g. What is the hundreds digit of g?
8
Suppose -4*j + 982 = 4*b + 2702, 2 = 2*j. What is the tens digit of (2 - b/2)*(-378)/(-105)?
8
Let k(z) = 12*z**2 - 13*z - 1102. What is the hundreds digit of k(44)?
5
Suppose -3*n = -l + 7, 5*n - 6*n - 39 = -4*l. Let y = l + -7. Suppose -3*k + 3*t + 105 = 0, -y*k + 63 = 3*t - 12. What is the tens digit of k?
3
Let t = 267 - 158. Let u = t + -105. Suppose -507 + 31 = -u*m. What is the tens digit of m?
1
Let l(o) = 352*o - 8. Let d be l(-2). Let x = 1142 + d. What is the tens digit of x?
3
Suppose 0 = -3*j + 4*l - 0*l + 131, -5*l - 136 = -3*j. Suppose z - j = 3*u + u, -4*z = -4*u - 124. What is the tens digit of z?
2
Suppose 10*m = 14*m + 244. Let q = m + 78. Suppose 925 = q*u - 12*u. What is the units digit of u?
5
Let y(n) = 116 - 122 + 112*n**2 - 2*n - 3*n - 40*n**2. What is the tens digit of y(3)?
2
Let b = 71 + -48. Suppose 0 = -b*z + 7*z + 672. What is the units digit of z?
2
Suppose 18*n = n + 70414. Let v = n - 2282. What is the units digit of v?
0
Suppose j + 4 = -3*j, -3*r + 8 = 4*j. Suppose -3*k = -3*t - 31 + r, 0 = 2*t + 8. Suppose 208 = 4*d + 5*x - 2*x, -200 = -4*d - k*x. What is the tens digit of d?
5
Let g = 16 - 13. Suppose 5*j - 13 = 5*k - 1818, 1073 = g*k - 5*j. What is the tens digit of k?
6
Let i(p) = 18*p - 7*p + 19*p - 69 + 3*p. What is the hundreds digit of i(11)?
2
Suppose 3*y + 2*h - 22 = 0, -5*y + h = 4 - 19. Suppose 3231 + 906 = y*p - j, -10 = 2*j. What is the units digit of p?
3
Let w(n) be the third derivative of -n**7/1260 - n**6/12 + n**5/12 - 24*n**2. Let c(p) be the third derivative of w(p). What is the tens digit of c(-25)?
4
Let r(n) be the second derivative of -n**5/20 - 7*n**4/12 - 10*n**3/3 - 3*n**2/2 - 1899*n. Let w(d) = 6*d - 1. Let k be w(-1). What is the tens digit of r(k)?
3
Let v = -44 + 42. Let q(p) be the third derivative of -p**6/24 + p**4/12 + p**3/6 - 2*p**2. What is the tens digit of q(v)?
3
Suppose -8417 = -3*a + j, 0 = 4*j - j - 3. What is the hundreds digit of a?
8
Let y be 0 + -206 - (1 - -3). Let l = 613 + y. What is the hundreds digit of l?
4
Let k be -2 + (3 + (-1 - 3))*-1. Let n be (59 - 21) + k + 5. Let i = n - -151. What is the units digit of i?
3
Suppose -6*f - 48 = -9*f. Let s be -148*(-1 - (-4)/f). Suppose -2*d + 3*d = s. What is the tens digit of d?
1
Suppose 0*r + 5074 = -4*s + 3*r, s + 4*r + 1278 = 0. Let j = 1815 + s. What is the hundreds digit of j?
5
Let d(v) = -v**2 - 5*v + 6. Let w be d(-7). What is the units digit of (1 - w/(-6))*(18 + -2697)?
3
Let a be (30/9)/2*(-12)/(-20). Let q(w) = 338*w**2 - 23*w + 22. What is the units digit of q(a)?
7
Let o be ((-2 - 147) + 3)/(4/(-20)). Suppose 1518 = 4*v + 2*h, -2*v + h + 27 + o = 0. What is the hundreds digit of v?
3
Suppose 3*u + 0*u - t = 344, 0 = 4*u - 2*t - 456. What is the hundreds digit of u?
1
Suppose -12*q = -16*q + 28. Let d be (q + -6)*(215 + -1 + -1). Suppose -709 = -4*j - d. What is the units digit of j?
4
Let w be 399/798*(1347 - 0 - 1). Suppose -2*b - 4*k = -6, 3*b - 2*b - 4*k = 3. Suppose -w + 163 = -b*f. What is the tens digit of f?
7
Let o(m) be the first derivative of -2*m**3/3 - 24*m**2 - 70*m + 197. What is the tens digit of o(-22)?
1
Suppose -379*i - 1987456 + 6315636 = 0. Suppose -2*o + 4 = -4. What is the units digit of i/45 - o/(-18)?
4
Let a(p) = -2*p**2 - 5*p - 11. Let h(r) = 2*r**2 + 5*r + 10. Let u(c) = 5*a(c) + 6*h(c). Let i be u(5). What is the tens digit of (18/(-15))/((-1)/i)?
9
Suppose 17*t + x = -11*t + 1108748, 4 = x. What is the thousands digit of t?
9
Suppose -112*t = 145*t - 82*t - 1406825. What is the hundreds digit of t?
0
Let h = 108 - 99. Suppose h*r = 15*r - 30. Suppose 464 = -2*y + 5*y + 4*a, -758 = -r*y + a. What is the units digit of y?
2
Let d be 12*(-3)/(-6) - 1. Suppose -4*h + d = -3*h. Suppose -5*n + h*r = -2*n + 8, 20 = 5*r. What is the units digit of n?
4
Suppose 4*h - 10*h = -522. Let k be ((-1)/3)/((-29)/h). What is the tens digit of (6*17 + -1)*k?
0
What is the hundreds digit of -13555*20/(-50)*((-12)/(-8) - 1)?
7
Let c = -1771 - 172. Let o = -1073 - c. What is the hundreds digit of o?
8
Suppose -2*s - 1901 = -5*g - 5812, -3*s + 2352 = -3*g. Let d = 1459 + g. What is the tens digit of d?
7
Suppose -w + 5*n + 15329 = -3946, 13*w - 250713 = -4*n. What is the thousands digit of w?
9
Let w = -706 + 708. What is the units digit of 20/(w + (-56)/36)?
5
Let l(w) = -335*w**3 + 6*w**2 + 7*w - 6. Let q be l(-3). What is the tens digit of (q/196)/((-1)/(-21))?
7
Let u(r) = 13*r + 9. Let o be u(2). What is the tens digit of 14/(o/(-5)) - (-215 + -1)?
1
Let c(k) = -5*k**3 + 8*k**2 + 9*k - 3. Let w be (-3)/(114/24 + -1 + -3). What is the units digit of c(w)?
9
Let t(n) = -n**2 - 7*n - 7. Let x = 33 + -38. Let o be t(x). Let a(b) = b + 16. What is the tens digit of a(o)?
1
Let w = -72 - -75. Suppose -6*v + 5355 = w*v. Suppose v = 3*h + 5*z, -3*h - 2*z - 2*z = -590. What is the tens digit of h?
9
Let x(v) = -3*v + 32. Let b be (-42)/(-3) + -3 + -2. Let o be x(b). Suppose 0 = o*g + j - 440, -g = 3*g + 2*j - 346. What is the tens digit of g?
8
Suppose -216 = -9*h - 18. Let m(i) = 11 - h - 2*i**2 + 6*i**2 - 6*i. What is the units digit of m(-5)?
9
Let b = 3915 - -1602. What is the thousands digit of b?
5
Let i(f) =